der when o is divided by 35?
5
Let o(v) = v**3 + v**2 - 19*v + 10. What is the remainder when 475 is divided by o(4)?
13
Let p = 0 - -26. Let j(t) = 27*t**2 + 71*t - 230. What is the remainder when j(-5) is divided by p?
12
Let a be (2 + -2)/2*1. Let k be (a - -1)*3*5/(-15). What is the remainder when k/2 - 664/(-16) is divided by 15?
11
Let r = -37 - -42. Suppose g - 19 = -4*s - 2, 5*s = 3*g - 51. Suppose -u - g*u = -594. Calculate the remainder when u is divided by r.
3
Suppose -6*w = -14*z - 7*w + 48634, -3*z + 10420 = w. What is the remainder when z is divided by 865?
14
Let k(l) = -6*l - 31. Let f = 23 + -24. Let i(r) = -r. Let y(o) = f*k(o) + 3*i(o). What is the remainder when 64 is divided by y(-6)?
12
Let g = 1090 - 1058. Let m(r) = -42*r + 14. What is the remainder when m(-8) is divided by g?
30
Let t = 1544 + -926. Let m = t + -574. Calculate the remainder when 262 is divided by m.
42
Suppose -2*i + 1232 = 5*w - 1716, i - 1179 = -2*w. Suppose -9*r + w = -1120. What is the remainder when r is divided by 48?
46
Let t be 2/(-8) - (-102)/24. Suppose t*b = 3*d - 67, -4*d + b = -4*b - 89. Suppose -6*q + 34 = -14. Calculate the remainder when d is divided by q.
5
Suppose 0 = -3*c + 69 + 102. Suppose 68*h = c*h + 429. Calculate the remainder when h is divided by 20.
19
Let q(n) = -3*n**2 - 93*n + 947. What is the remainder when 724 is divided by q(-39)?
9
Let f(z) = -58*z - 105. Let k be f(-20). Suppose 74 = 4*g + m - k, -560 = -2*g - 2*m. What is the remainder when g is divided by 13?
10
Calculate the remainder when 1939 is divided by (-6711)/(-12) + -3 + -9*(-4)/(-144).
271
Calculate the remainder when ((-2460)/(-80))/((-50)/(-16) + -3) is divided by 63.
57
Calculate the remainder when 2080 is divided by (6/7)/((-8)/((-9408)/24)).
22
Suppose 2*p + 548 = 4*u, -2*u + 5*p = p - 280. Suppose 48*a = -2*f + 53*a + 113, -4*f + 2*a = -202. What is the remainder when u is divided by f?
38
Suppose -3*b - 2*b + 265 = 0. Let s be -1*34*12/((-168)/35). Suppose 8*m - 237 + s = 0. Calculate the remainder when b is divided by m.
15
Suppose 0 = v + 5, 3*v = 3*t + 2*v - 923. Suppose -t*p - 670 = -316*p. Calculate the remainder when p is divided by 20.
7
What is the remainder when 230 is divided by (-9)/(-30) + 10537/410?
22
Let f(r) = 15*r - 73. Suppose 5*b = 0, -2*l + 64 = -b + 2*b. Calculate the remainder when l is divided by f(6).
15
Suppose -80626 = 307*l - 401441. Calculate the remainder when l is divided by 348.
1
Let h = 13927 + -13884. What is the remainder when (2 - 8*-21)*1 is divided by h?
41
Let c = -4232 - -4283. Let p = 119 + 8. What is the remainder when p is divided by c?
25
Suppose -50*t + 87*t = 12728. What is the remainder when t is divided by 63?
29
Suppose -3*v + 496 = l, 2*v + v - 3 = 0. Suppose -l = -2*z - 3*n, 0 = -3*z - 2*n + 3*n + 756. Calculate the remainder when z is divided by 11.
9
Let y be ((-4)/6)/(1/12). Let d(l) be the second derivative of -l**3/6 - 7*l**2/2 - 52*l - 2. What is the remainder when 13 is divided by d(y)?
0
Suppose 3*o - 25 = -2*q, -3*q + o - 3*o = -45. Suppose -25 - 39 = 4*t. Let k(d) = d**2 + 11*d - 18. Calculate the remainder when k(t) is divided by q.
11
Let a(v) = -3*v + 1. Let u(z) = 0 - 3*z - 7*z + 4 - 1. Let q(r) = 14*a(r) - 4*u(r). What is the remainder when 54 is divided by q(-6)?
12
Let z = -19125 - -26415. Calculate the remainder when z is divided by 39.
36
Suppose 3035 + 1735 = 53*z. What is the remainder when z is divided by 35?
20
Suppose 0 = -3*i + i - 250. Let v = i + 83. Let s = -11 - v. What is the remainder when s is divided by 11?
9
Let x be 1/((-14)/90) + 12/28. What is the remainder when (-294 - x)*(21/(-6) - -3) is divided by 65?
14
Let p = 9 - 1. Let l(c) = -1081*c**2 - c**3 + c - 1082*c**2 + 2167*c**2. What is the remainder when l(3) is divided by p?
4
Let a be 2/6 + 6/(-18) - -24. Calculate the remainder when 1341/a + -2 - (-4)/32 is divided by 19.
16
Suppose -2*q - 124 = -2*v, 23*v + 308 = 28*v - 3*q. Let s be (24/10)/(10/25). Calculate the remainder when v is divided by 7*s*(-2)/(-4).
19
Suppose w + 216 = -4*t - 3*w, -5*t = w + 278. Calculate the remainder when 221 is divided by t/(2 + -3) - (11 + -11).
53
Suppose 43*o - 234*o + 8923 = -25266. What is the remainder when 417 is divided by o?
59
Let z(k) = 5*k**2 - 15*k - 8. Let h(x) = 3*x**2 + 47*x - 23. Calculate the remainder when z(7) is divided by h(-17).
42
Let j(d) = d**2 - 16*d + 21. Let o be j(15). Suppose -2*l + 3*p + 7 = 0, o*l - 10*l = -5*p - 15. Calculate the remainder when 174 is divided by l.
4
Let g(i) be the third derivative of -i**6/120 + i**5/10 + i**4/24 + i**3/3 - 73*i**2. What is the remainder when 61 is divided by g(6)?
5
Suppose -6*h = 6*h - 6372. Calculate the remainder when h is divided by 30.
21
Suppose 5*h = h + 108. Suppose 26*q + 521 - 426 = 1421. What is the remainder when q is divided by h?
24
Let n = -26 + 168. Suppose -8*p = -1350 + n. Calculate the remainder when p is divided by 8.
7
Let l(h) = h**3 + h**2 - 9*h + 1. Let u be l(4). Suppose 3*a + a + 5*i - 207 = 0, i + u = a. What is the remainder when a is divided by (3588/207)/(8/6)?
9
Let m(v) = -2*v**2 + 23*v + 77. Let t be m(15). Let q(p) = -3*p + 17. What is the remainder when q(t) is divided by 3?
2
Let j(y) = y**3 - 2*y**2 - 12*y + 3. Let c be j(5). Suppose -40 = -q + c. Let o = -7 + 27. What is the remainder when q is divided by o?
18
Suppose 207*k - 204*k = 21, -2*k + 39 = u. What is the remainder when 4122 is divided by u?
22
Let n(v) = -45*v + 2215. What is the remainder when n(13) is divided by 204?
202
Suppose -4*n = -5*n - 5, h + n + 3 = 0. Suppose -4*m = -h*q - 62, q + 46 = -m + 4*m. What is the remainder when 60*33/22 - 2 is divided by m?
13
Let n = -1 + 3. Let g be (-288)/(-5) + (-16)/(-40). Suppose -7*y - 30 = -g. Calculate the remainder when y is divided by n.
0
Let w be ((-56)/(-16) - 1)*4/5. Suppose w*z + 14*z = 240. Calculate the remainder when 70 is divided by z.
10
Calculate the remainder when 1269 is divided by (9/(-21))/(9 + 10720/(-1190)).
45
Suppose 25*c = -60*c - 19*c + 1664. Calculate the remainder when 155 is divided by c.
11
Suppose u - 44 = -2*u - 4*y, 83 = 5*u - 3*y. Let j(g) = 2*g - 25. Let x be j(u). Suppose w + x = 14. Calculate the remainder when 41 is divided by w.
6
Suppose q = -2 - 0. Let b = q - -14. Suppose 0 = 8*v - 74 - 70. What is the remainder when v is divided by b?
6
Let m(o) = -122*o + 63. Let q be m(-6). Suppose q = r + 2*r - 3*z, -5*r = -4*z - 1330. Suppose 0 = 6*g - g - r. Calculate the remainder when g is divided by 20.
14
Suppose -10*g = -8*g + 8. Let p be (-24)/2 + 1 + g. Let d(b) = -b + 14. Calculate the remainder when 114 is divided by d(p).
27
Suppose s + 118 = -31*r + 33*r, -124 = -2*r - 2*s. Calculate the remainder when 106 is divided by r.
46
Suppose -i - 25 = 2*j, -2*i - 20 = 2*j + 8. Let x(m) = 2*m + 44. Calculate the remainder when x(j) is divided by (0 - -6)*(-1)/(-2).
1
Suppose 0 = -4*x + 29*v - 206, 5*x - 2*v - 3 = 82. Suppose 3*z = -2*z. Suppose z*c - c = -31. Calculate the remainder when c is divided by x.
10
Let w(i) = 1192*i**3 + i**2 + 2*i - 3. Calculate the remainder when w(1) is divided by 26.
22
Suppose -2*d + 173 = 81. Let m(h) = -h**2 + 53*h - 310. What is the remainder when 454 is divided by m(d)?
10
Let k = -1 - -3. Suppose -r + 5*g - 5 = 0, k*r - 15 = -r + 5*g. Calculate the remainder when 69 is divided by r.
9
Calculate the remainder when 1 + (90/27)/(-10) - (-1074)/9 is divided by 29.
4
Let f(r) = r**3 - 12*r**2 - r + 35. What is the remainder when 247 is divided by f(12)?
17
Suppose 4*p - 2*p = 324. Suppose -p - 138 = -4*t. Calculate the remainder when t is divided by 19.
18
Let m(n) = 37*n**2 - 48*n - 114. What is the remainder when m(-3) is divided by 243?
120
Let u(t) = 65*t - 494. What is the remainder when ((-103)/(-4))/(2/16) is divided by u(8)?
24
Let f = 16137 - 15442. Calculate the remainder when 2099 is divided by f.
14
Let i(z) = -z**2 + 62*z - 906. Let k(r) = -4*r + 2 + 4 - 2. Calculate the remainder when i(35) is divided by k(-4).
19
Suppose -9*q - 151 = -583. What is the remainder when q is divided by (-1161)/(-172) + 2/8?
6
Suppose 9*l - 60 = -15. Suppose -l*u + 60 = -0*u. What is the remainder when 47 is divided by u?
11
Calculate the remainder w